{"id":565,"date":"2021-07-01T21:51:13","date_gmt":"2021-07-01T21:51:13","guid":{"rendered":"https:\/\/tiendascarpintodo.com.mx\/?page_id=565"},"modified":"2021-07-01T23:30:01","modified_gmt":"2021-07-01T23:30:01","slug":"bruken-internacional","status":"publish","type":"page","link":"https:\/\/tiendascarpintodo.com.mx\/index.php\/bruken-internacional\/","title":{"rendered":"Bruken Internacional"},"content":{"rendered":"\n<p class=\"has-vivid-cyan-blue-color has-text-color has-normal-font-size\"><strong><em>BISAGRAS BIDIMENSIONALES<\/em><\/strong><\/p>\n\n\n\n<div class=\"wp-block-columns is-layout-flex wp-container-core-columns-is-layout-1 wp-block-columns-is-layout-flex\">\n<div class=\"wp-block-column is-layout-flow wp-block-column-is-layout-flow\">\n<div class=\"wp-block-image\"><figure class=\"aligncenter size-full\"><img loading=\"lazy\" decoding=\"async\" width=\"490\" height=\"634\" src=\"https:\/\/tiendascarpintodo.com.mx\/wp-content\/uploads\/2021\/07\/Bisagras-bidimensionales-e-hidraulicas.jpg\" alt=\"\" class=\"wp-image-568\" srcset=\"https:\/\/tiendascarpintodo.com.mx\/wp-content\/uploads\/2021\/07\/Bisagras-bidimensionales-e-hidraulicas.jpg 490w, https:\/\/tiendascarpintodo.com.mx\/wp-content\/uploads\/2021\/07\/Bisagras-bidimensionales-e-hidraulicas-232x300.jpg 232w\" sizes=\"auto, (max-width: 490px) 100vw, 490px\" \/><\/figure><\/div>\n<\/div>\n\n\n\n<div class=\"wp-block-column is-layout-flow wp-block-column-is-layout-flow\">\n<figure class=\"wp-block-gallery columns-2 is-cropped wp-block-gallery-1 is-layout-flex wp-block-gallery-is-layout-flex\"><ul class=\"blocks-gallery-grid\"><li class=\"blocks-gallery-item\"><figure><img loading=\"lazy\" decoding=\"async\" width=\"150\" height=\"150\" src=\"https:\/\/tiendascarpintodo.com.mx\/wp-content\/uploads\/2021\/07\/Bisagra-135-grados-150x150.jpg\" alt=\"\" data-id=\"569\" data-full-url=\"https:\/\/tiendascarpintodo.com.mx\/wp-content\/uploads\/2021\/07\/Bisagra-135-grados.jpg\" data-link=\"https:\/\/tiendascarpintodo.com.mx\/index.php\/bruken-internacional\/bisagra-135-grados\/\" class=\"wp-image-569\" srcset=\"https:\/\/tiendascarpintodo.com.mx\/wp-content\/uploads\/2021\/07\/Bisagra-135-grados-150x150.jpg 150w, https:\/\/tiendascarpintodo.com.mx\/wp-content\/uploads\/2021\/07\/Bisagra-135-grados-213x214.jpg 213w, https:\/\/tiendascarpintodo.com.mx\/wp-content\/uploads\/2021\/07\/Bisagra-135-grados-174x174.jpg 174w\" sizes=\"auto, (max-width: 150px) 100vw, 150px\" \/><\/figure><\/li><li class=\"blocks-gallery-item\"><figure><img loading=\"lazy\" decoding=\"async\" width=\"150\" height=\"150\" src=\"https:\/\/tiendascarpintodo.com.mx\/wp-content\/uploads\/2021\/07\/Bisagra-165-grados-150x150.jpg\" alt=\"\" data-id=\"570\" data-full-url=\"https:\/\/tiendascarpintodo.com.mx\/wp-content\/uploads\/2021\/07\/Bisagra-165-grados.jpg\" data-link=\"https:\/\/tiendascarpintodo.com.mx\/index.php\/bruken-internacional\/bisagra-165-grados\/\" class=\"wp-image-570\" srcset=\"https:\/\/tiendascarpintodo.com.mx\/wp-content\/uploads\/2021\/07\/Bisagra-165-grados-150x150.jpg 150w, https:\/\/tiendascarpintodo.com.mx\/wp-content\/uploads\/2021\/07\/Bisagra-165-grados-174x174.jpg 174w\" sizes=\"auto, (max-width: 150px) 100vw, 150px\" \/><\/figure><\/li><\/ul><\/figure>\n\n\n\n<figure class=\"wp-block-image size-full\"><img loading=\"lazy\" decoding=\"async\" width=\"424\" height=\"265\" src=\"https:\/\/tiendascarpintodo.com.mx\/wp-content\/uploads\/2021\/07\/Bisagra-brazo-corto-y-de-sobreponer.jpg\" alt=\"\" class=\"wp-image-572\" srcset=\"https:\/\/tiendascarpintodo.com.mx\/wp-content\/uploads\/2021\/07\/Bisagra-brazo-corto-y-de-sobreponer.jpg 424w, https:\/\/tiendascarpintodo.com.mx\/wp-content\/uploads\/2021\/07\/Bisagra-brazo-corto-y-de-sobreponer-300x188.jpg 300w\" sizes=\"auto, (max-width: 424px) 100vw, 424px\" \/><\/figure>\n<\/div>\n<\/div>\n\n\n\n<figure class=\"wp-block-gallery aligncenter columns-2 is-cropped wp-block-gallery-2 is-layout-flex wp-block-gallery-is-layout-flex\"><ul class=\"blocks-gallery-grid\"><li class=\"blocks-gallery-item\"><figure><img loading=\"lazy\" decoding=\"async\" width=\"324\" height=\"250\" src=\"https:\/\/tiendascarpintodo.com.mx\/wp-content\/uploads\/2021\/07\/Bisagra-bidimensional-push-to-open-recta.jpg\" alt=\"\" data-id=\"571\" data-full-url=\"https:\/\/tiendascarpintodo.com.mx\/wp-content\/uploads\/2021\/07\/Bisagra-bidimensional-push-to-open-recta.jpg\" data-link=\"https:\/\/tiendascarpintodo.com.mx\/index.php\/bruken-internacional\/bisagra-bidimensional-push-to-open-recta\/\" class=\"wp-image-571\" srcset=\"https:\/\/tiendascarpintodo.com.mx\/wp-content\/uploads\/2021\/07\/Bisagra-bidimensional-push-to-open-recta.jpg 324w, https:\/\/tiendascarpintodo.com.mx\/wp-content\/uploads\/2021\/07\/Bisagra-bidimensional-push-to-open-recta-300x231.jpg 300w\" sizes=\"auto, (max-width: 324px) 100vw, 324px\" \/><\/figure><\/li><li class=\"blocks-gallery-item\"><figure><img loading=\"lazy\" decoding=\"async\" width=\"324\" height=\"250\" src=\"https:\/\/tiendascarpintodo.com.mx\/wp-content\/uploads\/2021\/07\/Bisagra-bidimensional-push-to-open-recta-1.jpg\" alt=\"\" data-id=\"573\" data-full-url=\"https:\/\/tiendascarpintodo.com.mx\/wp-content\/uploads\/2021\/07\/Bisagra-bidimensional-push-to-open-recta-1.jpg\" data-link=\"https:\/\/tiendascarpintodo.com.mx\/index.php\/bruken-internacional\/bisagra-bidimensional-push-to-open-recta-1\/\" class=\"wp-image-573\" srcset=\"https:\/\/tiendascarpintodo.com.mx\/wp-content\/uploads\/2021\/07\/Bisagra-bidimensional-push-to-open-recta-1.jpg 324w, https:\/\/tiendascarpintodo.com.mx\/wp-content\/uploads\/2021\/07\/Bisagra-bidimensional-push-to-open-recta-1-300x231.jpg 300w\" sizes=\"auto, (max-width: 324px) 100vw, 324px\" \/><\/figure><\/li><li class=\"blocks-gallery-item\"><figure><img loading=\"lazy\" decoding=\"async\" width=\"480\" height=\"480\" src=\"https:\/\/tiendascarpintodo.com.mx\/wp-content\/uploads\/2021\/07\/BRK5250I-5252_BISAGRASDELIBROPARAPUERTASDEMADERA.jpg\" alt=\"\" data-id=\"582\" data-full-url=\"https:\/\/tiendascarpintodo.com.mx\/wp-content\/uploads\/2021\/07\/BRK5250I-5252_BISAGRASDELIBROPARAPUERTASDEMADERA.jpg\" data-link=\"https:\/\/tiendascarpintodo.com.mx\/index.php\/bruken-internacional\/brk5250i-5252_bisagrasdelibroparapuertasdemadera\/\" class=\"wp-image-582\" srcset=\"https:\/\/tiendascarpintodo.com.mx\/wp-content\/uploads\/2021\/07\/BRK5250I-5252_BISAGRASDELIBROPARAPUERTASDEMADERA.jpg 480w, https:\/\/tiendascarpintodo.com.mx\/wp-content\/uploads\/2021\/07\/BRK5250I-5252_BISAGRASDELIBROPARAPUERTASDEMADERA-300x300.jpg 300w, https:\/\/tiendascarpintodo.com.mx\/wp-content\/uploads\/2021\/07\/BRK5250I-5252_BISAGRASDELIBROPARAPUERTASDEMADERA-150x150.jpg 150w, https:\/\/tiendascarpintodo.com.mx\/wp-content\/uploads\/2021\/07\/BRK5250I-5252_BISAGRASDELIBROPARAPUERTASDEMADERA-250x250.jpg 250w, https:\/\/tiendascarpintodo.com.mx\/wp-content\/uploads\/2021\/07\/BRK5250I-5252_BISAGRASDELIBROPARAPUERTASDEMADERA-174x174.jpg 174w\" sizes=\"auto, (max-width: 480px) 100vw, 480px\" \/><\/figure><\/li><li class=\"blocks-gallery-item\"><figure><img loading=\"lazy\" decoding=\"async\" width=\"480\" height=\"480\" src=\"https:\/\/tiendascarpintodo.com.mx\/wp-content\/uploads\/2021\/07\/BRK5240I-5242_BISAGRASDELIBROPARAPUERTASDEMADERA.jpg\" alt=\"\" data-id=\"581\" data-full-url=\"https:\/\/tiendascarpintodo.com.mx\/wp-content\/uploads\/2021\/07\/BRK5240I-5242_BISAGRASDELIBROPARAPUERTASDEMADERA.jpg\" data-link=\"https:\/\/tiendascarpintodo.com.mx\/index.php\/bruken-internacional\/brk5240i-5242_bisagrasdelibroparapuertasdemadera\/\" class=\"wp-image-581\" srcset=\"https:\/\/tiendascarpintodo.com.mx\/wp-content\/uploads\/2021\/07\/BRK5240I-5242_BISAGRASDELIBROPARAPUERTASDEMADERA.jpg 480w, https:\/\/tiendascarpintodo.com.mx\/wp-content\/uploads\/2021\/07\/BRK5240I-5242_BISAGRASDELIBROPARAPUERTASDEMADERA-300x300.jpg 300w, https:\/\/tiendascarpintodo.com.mx\/wp-content\/uploads\/2021\/07\/BRK5240I-5242_BISAGRASDELIBROPARAPUERTASDEMADERA-150x150.jpg 150w, https:\/\/tiendascarpintodo.com.mx\/wp-content\/uploads\/2021\/07\/BRK5240I-5242_BISAGRASDELIBROPARAPUERTASDEMADERA-250x250.jpg 250w, https:\/\/tiendascarpintodo.com.mx\/wp-content\/uploads\/2021\/07\/BRK5240I-5242_BISAGRASDELIBROPARAPUERTASDEMADERA-174x174.jpg 174w\" sizes=\"auto, (max-width: 480px) 100vw, 480px\" \/><\/figure><\/li><li class=\"blocks-gallery-item\"><figure><img loading=\"lazy\" decoding=\"async\" width=\"717\" height=\"271\" src=\"https:\/\/tiendascarpintodo.com.mx\/wp-content\/uploads\/2021\/07\/Bisagras-bidimensionales-minis.jpg\" alt=\"\" data-id=\"574\" data-full-url=\"https:\/\/tiendascarpintodo.com.mx\/wp-content\/uploads\/2021\/07\/Bisagras-bidimensionales-minis.jpg\" data-link=\"https:\/\/tiendascarpintodo.com.mx\/index.php\/bruken-internacional\/bisagras-bidimensionales-minis\/\" class=\"wp-image-574\" srcset=\"https:\/\/tiendascarpintodo.com.mx\/wp-content\/uploads\/2021\/07\/Bisagras-bidimensionales-minis.jpg 717w, https:\/\/tiendascarpintodo.com.mx\/wp-content\/uploads\/2021\/07\/Bisagras-bidimensionales-minis-300x113.jpg 300w\" sizes=\"auto, (max-width: 717px) 100vw, 717px\" \/><\/figure><\/li><\/ul><\/figure>\n\n\n\n<p class=\"has-luminous-vivid-orange-color has-text-color\" style=\"font-size:32px\"><strong><em>&#8212;&#8212;&#8212;&#8212;&#8212;&#8212;&#8212;&#8212;&#8212;&#8212;&#8212;&#8212;&#8212;&#8212;&#8212;&#8212;&#8212;&#8212;&#8212;&#8212;&#8212;&#8211;<\/em><\/strong><\/p>\n\n\n\n<p class=\"has-vivid-cyan-blue-color has-text-color has-normal-font-size\"><strong><em>CERRADURAS<\/em><\/strong><\/p>\n\n\n\n<figure class=\"wp-block-gallery columns-3 is-cropped wp-block-gallery-3 is-layout-flex wp-block-gallery-is-layout-flex\"><ul class=\"blocks-gallery-grid\"><li class=\"blocks-gallery-item\"><figure><img loading=\"lazy\" decoding=\"async\" width=\"750\" height=\"769\" src=\"https:\/\/tiendascarpintodo.com.mx\/wp-content\/uploads\/2021\/07\/4731.jpg\" alt=\"\" data-id=\"576\" data-full-url=\"https:\/\/tiendascarpintodo.com.mx\/wp-content\/uploads\/2021\/07\/4731.jpg\" data-link=\"https:\/\/tiendascarpintodo.com.mx\/index.php\/bruken-internacional\/attachment\/4731\/\" class=\"wp-image-576\" srcset=\"https:\/\/tiendascarpintodo.com.mx\/wp-content\/uploads\/2021\/07\/4731.jpg 750w, https:\/\/tiendascarpintodo.com.mx\/wp-content\/uploads\/2021\/07\/4731-293x300.jpg 293w\" sizes=\"auto, (max-width: 750px) 100vw, 750px\" \/><figcaption class=\"blocks-gallery-item__caption\">MODELO 4731<\/figcaption><\/figure><\/li><li class=\"blocks-gallery-item\"><figure><img loading=\"lazy\" decoding=\"async\" width=\"480\" height=\"556\" src=\"https:\/\/tiendascarpintodo.com.mx\/wp-content\/uploads\/2021\/07\/4764-llave-llave.jpg\" alt=\"\" data-id=\"577\" data-full-url=\"https:\/\/tiendascarpintodo.com.mx\/wp-content\/uploads\/2021\/07\/4764-llave-llave.jpg\" data-link=\"https:\/\/tiendascarpintodo.com.mx\/index.php\/bruken-internacional\/4764-llave-llave\/\" class=\"wp-image-577\" srcset=\"https:\/\/tiendascarpintodo.com.mx\/wp-content\/uploads\/2021\/07\/4764-llave-llave.jpg 480w, https:\/\/tiendascarpintodo.com.mx\/wp-content\/uploads\/2021\/07\/4764-llave-llave-259x300.jpg 259w\" sizes=\"auto, (max-width: 480px) 100vw, 480px\" \/><figcaption class=\"blocks-gallery-item__caption\">MODELO 4764<\/figcaption><\/figure><\/li><li class=\"blocks-gallery-item\"><figure><img loading=\"lazy\" decoding=\"async\" width=\"480\" height=\"556\" src=\"https:\/\/tiendascarpintodo.com.mx\/wp-content\/uploads\/2021\/07\/193035561_1915450398616507_8764497139651662749_n.jpg\" alt=\"\" data-id=\"578\" data-full-url=\"https:\/\/tiendascarpintodo.com.mx\/wp-content\/uploads\/2021\/07\/193035561_1915450398616507_8764497139651662749_n.jpg\" data-link=\"https:\/\/tiendascarpintodo.com.mx\/index.php\/bruken-internacional\/193035561_1915450398616507_8764497139651662749_n\/\" class=\"wp-image-578\" srcset=\"https:\/\/tiendascarpintodo.com.mx\/wp-content\/uploads\/2021\/07\/193035561_1915450398616507_8764497139651662749_n.jpg 480w, https:\/\/tiendascarpintodo.com.mx\/wp-content\/uploads\/2021\/07\/193035561_1915450398616507_8764497139651662749_n-259x300.jpg 259w\" sizes=\"auto, (max-width: 480px) 100vw, 480px\" \/><\/figure><\/li><\/ul><\/figure>\n\n\n\n<div class=\"wp-block-columns is-layout-flex wp-container-core-columns-is-layout-3 wp-block-columns-is-layout-flex\">\n<div class=\"wp-block-column is-layout-flow wp-block-column-is-layout-flow\" style=\"flex-basis:100%\">\n<div class=\"wp-block-columns is-layout-flex wp-container-core-columns-is-layout-2 wp-block-columns-is-layout-flex\">\n<div class=\"wp-block-column is-layout-flow wp-block-column-is-layout-flow\">\n<figure class=\"wp-block-image size-large is-resized\"><img loading=\"lazy\" decoding=\"async\" src=\"https:\/\/tiendascarpintodo.com.mx\/wp-content\/uploads\/2021\/07\/Chapa-de-embutir-TECNO.jpg\" alt=\"\" class=\"wp-image-580\" width=\"422\" height=\"258\" srcset=\"https:\/\/tiendascarpintodo.com.mx\/wp-content\/uploads\/2021\/07\/Chapa-de-embutir-TECNO.jpg 316w, https:\/\/tiendascarpintodo.com.mx\/wp-content\/uploads\/2021\/07\/Chapa-de-embutir-TECNO-300x183.jpg 300w\" sizes=\"auto, (max-width: 422px) 100vw, 422px\" \/><\/figure>\n<\/div>\n\n\n\n<div class=\"wp-block-column is-layout-flow wp-block-column-is-layout-flow\">\n<figure class=\"wp-block-image size-large is-resized\"><img loading=\"lazy\" decoding=\"async\" src=\"https:\/\/tiendascarpintodo.com.mx\/wp-content\/uploads\/2021\/07\/Cerradura-TECNO.jpg\" alt=\"\" class=\"wp-image-579\" width=\"427\" height=\"261\" srcset=\"https:\/\/tiendascarpintodo.com.mx\/wp-content\/uploads\/2021\/07\/Cerradura-TECNO.jpg 316w, https:\/\/tiendascarpintodo.com.mx\/wp-content\/uploads\/2021\/07\/Cerradura-TECNO-300x183.jpg 300w\" sizes=\"auto, (max-width: 427px) 100vw, 427px\" \/><\/figure>\n<\/div>\n<\/div>\n<\/div>\n<\/div>\n\n\n\n<p class=\"has-luminous-vivid-orange-color has-text-color\" style=\"font-size:32px\"><strong><em>&#8212;&#8212;&#8212;&#8212;&#8212;&#8212;&#8212;&#8212;&#8212;&#8212;&#8212;&#8212;&#8212;&#8212;&#8212;&#8212;&#8212;&#8212;&#8212;&#8212;&#8212;&#8211;<\/em><\/strong><\/p>\n\n\n\n<p class=\"has-vivid-cyan-blue-color has-text-color has-normal-font-size\"><strong><em>OTROS ACCESORIOS<\/em><\/strong><\/p>\n\n\n\n<div class=\"wp-block-columns is-layout-flex wp-container-core-columns-is-layout-4 wp-block-columns-is-layout-flex\">\n<div class=\"wp-block-column is-layout-flow wp-block-column-is-layout-flow\" style=\"flex-basis:100%\">\n<figure class=\"wp-block-image size-large is-resized\"><img loading=\"lazy\" decoding=\"async\" src=\"https:\/\/tiendascarpintodo.com.mx\/wp-content\/uploads\/2021\/07\/Correderas-de-extension.jpg\" alt=\"\" class=\"wp-image-586\" width=\"735\" height=\"438\" srcset=\"https:\/\/tiendascarpintodo.com.mx\/wp-content\/uploads\/2021\/07\/Correderas-de-extension.jpg 717w, https:\/\/tiendascarpintodo.com.mx\/wp-content\/uploads\/2021\/07\/Correderas-de-extension-300x179.jpg 300w\" sizes=\"auto, (max-width: 735px) 100vw, 735px\" \/><\/figure>\n<\/div>\n<\/div>\n\n\n\n<figure class=\"wp-block-image size-large\"><img loading=\"lazy\" decoding=\"async\" width=\"738\" height=\"428\" src=\"https:\/\/tiendascarpintodo.com.mx\/wp-content\/uploads\/2021\/07\/Cierra-puertas-e1625179790892.jpg\" alt=\"\" class=\"wp-image-584\" srcset=\"https:\/\/tiendascarpintodo.com.mx\/wp-content\/uploads\/2021\/07\/Cierra-puertas-e1625179790892.jpg 738w, https:\/\/tiendascarpintodo.com.mx\/wp-content\/uploads\/2021\/07\/Cierra-puertas-e1625179790892-300x174.jpg 300w\" sizes=\"auto, (max-width: 738px) 100vw, 738px\" \/><\/figure>\n\n\n\n<figure class=\"wp-block-image size-large\"><img loading=\"lazy\" decoding=\"async\" width=\"717\" height=\"233\" src=\"https:\/\/tiendascarpintodo.com.mx\/wp-content\/uploads\/2021\/07\/Clip-para-entrepano.jpg\" alt=\"\" class=\"wp-image-585\" srcset=\"https:\/\/tiendascarpintodo.com.mx\/wp-content\/uploads\/2021\/07\/Clip-para-entrepano.jpg 717w, https:\/\/tiendascarpintodo.com.mx\/wp-content\/uploads\/2021\/07\/Clip-para-entrepano-300x97.jpg 300w\" sizes=\"auto, (max-width: 717px) 100vw, 717px\" \/><\/figure>\n\n\n\n<figure class=\"wp-block-image size-large\"><img loading=\"lazy\" decoding=\"async\" width=\"651\" height=\"194\" src=\"https:\/\/tiendascarpintodo.com.mx\/wp-content\/uploads\/2021\/07\/Pasador-de-embutir.jpg\" alt=\"\" class=\"wp-image-587\" srcset=\"https:\/\/tiendascarpintodo.com.mx\/wp-content\/uploads\/2021\/07\/Pasador-de-embutir.jpg 651w, https:\/\/tiendascarpintodo.com.mx\/wp-content\/uploads\/2021\/07\/Pasador-de-embutir-300x89.jpg 300w\" sizes=\"auto, (max-width: 651px) 100vw, 651px\" \/><\/figure>\n\n\n\n<figure class=\"wp-block-image size-large\"><img loading=\"lazy\" decoding=\"async\" width=\"637\" height=\"198\" src=\"https:\/\/tiendascarpintodo.com.mx\/wp-content\/uploads\/2021\/07\/Pasador-y-sellapolvos.jpg\" alt=\"\" class=\"wp-image-588\" srcset=\"https:\/\/tiendascarpintodo.com.mx\/wp-content\/uploads\/2021\/07\/Pasador-y-sellapolvos.jpg 637w, https:\/\/tiendascarpintodo.com.mx\/wp-content\/uploads\/2021\/07\/Pasador-y-sellapolvos-300x93.jpg 300w\" sizes=\"auto, (max-width: 637px) 100vw, 637px\" \/><\/figure>\n\n\n\n<figure class=\"wp-block-image size-large\"><img loading=\"lazy\" decoding=\"async\" width=\"631\" height=\"197\" src=\"https:\/\/tiendascarpintodo.com.mx\/wp-content\/uploads\/2021\/07\/Tubo-ovalado-y-brida.jpg\" alt=\"\" class=\"wp-image-590\" srcset=\"https:\/\/tiendascarpintodo.com.mx\/wp-content\/uploads\/2021\/07\/Tubo-ovalado-y-brida.jpg 631w, https:\/\/tiendascarpintodo.com.mx\/wp-content\/uploads\/2021\/07\/Tubo-ovalado-y-brida-300x94.jpg 300w\" sizes=\"auto, (max-width: 631px) 100vw, 631px\" \/><\/figure>\n\n\n\n<figure class=\"wp-block-image size-large is-resized\"><img loading=\"lazy\" decoding=\"async\" src=\"https:\/\/tiendascarpintodo.com.mx\/wp-content\/uploads\/2021\/07\/Brida-para-tubo-ovalado.jpg\" alt=\"\" class=\"wp-image-583\" width=\"321\" height=\"198\" srcset=\"https:\/\/tiendascarpintodo.com.mx\/wp-content\/uploads\/2021\/07\/Brida-para-tubo-ovalado.jpg 314w, https:\/\/tiendascarpintodo.com.mx\/wp-content\/uploads\/2021\/07\/Brida-para-tubo-ovalado-300x184.jpg 300w\" sizes=\"auto, (max-width: 321px) 100vw, 321px\" \/><\/figure>\n\n\n\n<figure class=\"wp-block-image size-large\"><img loading=\"lazy\" decoding=\"async\" width=\"564\" height=\"676\" src=\"https:\/\/tiendascarpintodo.com.mx\/wp-content\/uploads\/2021\/07\/Piston-de-gas.jpg\" alt=\"\" class=\"wp-image-589\" srcset=\"https:\/\/tiendascarpintodo.com.mx\/wp-content\/uploads\/2021\/07\/Piston-de-gas.jpg 564w, https:\/\/tiendascarpintodo.com.mx\/wp-content\/uploads\/2021\/07\/Piston-de-gas-250x300.jpg 250w\" sizes=\"auto, (max-width: 564px) 100vw, 564px\" \/><\/figure>\n\n\n\n<p>M\u00e1s informaci\u00f3n en <a rel=\"noreferrer noopener\" href=\"https:\/\/www.bruken.com.mx\/\" data-type=\"URL\" data-id=\"https:\/\/www.bruken.com.mx\/\" target=\"_blank\">BR\u00dcKEN<\/a>.<\/p>\n","protected":false},"excerpt":{"rendered":"<p>BISAGRAS BIDIMENSIONALES &#8212;&#8212;&#8212;&#8212;&#8212;&#8212;&#8212;&#8212;&#8212;&#8212;&#8212;&#8212;&#8212;&#8212;&#8212;&#8212;&#8212;&#8212;&#8212;&#8212;&#8212;&#8211; CERRADURAS &#8212;&#8212;&#8212;&#8212;&#8212;&#8212;&#8212;&#8212;&#8212;&#8212;&#8212;&#8212;&#8212;&#8212;&#8212;&#8212;&#8212;&#8212;&#8212;&#8212;&#8212;&#8211; OTROS ACCESORIOS M\u00e1s informaci\u00f3n en BR\u00dcKEN.<\/p>\n","protected":false},"author":1,"featured_media":0,"parent":0,"menu_order":0,"comment_status":"closed","ping_status":"closed","template":"","meta":{"footnotes":""},"class_list":["post-565","page","type-page","status-publish","hentry"],"_links":{"self":[{"href":"https:\/\/tiendascarpintodo.com.mx\/index.php\/wp-json\/wp\/v2\/pages\/565","targetHints":{"allow":["GET"]}}],"collection":[{"href":"https:\/\/tiendascarpintodo.com.mx\/index.php\/wp-json\/wp\/v2\/pages"}],"about":[{"href":"https:\/\/tiendascarpintodo.com.mx\/index.php\/wp-json\/wp\/v2\/types\/page"}],"author":[{"embeddable":true,"href":"https:\/\/tiendascarpintodo.com.mx\/index.php\/wp-json\/wp\/v2\/users\/1"}],"replies":[{"embeddable":true,"href":"https:\/\/tiendascarpintodo.com.mx\/index.php\/wp-json\/wp\/v2\/comments?post=565"}],"version-history":[{"count":6,"href":"https:\/\/tiendascarpintodo.com.mx\/index.php\/wp-json\/wp\/v2\/pages\/565\/revisions"}],"predecessor-version":[{"id":602,"href":"https:\/\/tiendascarpintodo.com.mx\/index.php\/wp-json\/wp\/v2\/pages\/565\/revisions\/602"}],"wp:attachment":[{"href":"https:\/\/tiendascarpintodo.com.mx\/index.php\/wp-json\/wp\/v2\/media?parent=565"}],"curies":[{"name":"wp","href":"https:\/\/api.w.org\/{rel}","templated":true}]}}